{"id":23,"date":"2019-10-20T09:27:39","date_gmt":"2019-10-20T07:27:39","guid":{"rendered":"https:\/\/sirpacinformatique.com\/?page_id=23"},"modified":"2021-04-16T15:17:05","modified_gmt":"2021-04-16T13:17:05","slug":"mentions-legales","status":"publish","type":"page","link":"https:\/\/sirpacinformatique.com\/index.php\/mentions-legales\/","title":{"rendered":"Mentions l\u00e9gales"},"content":{"rendered":"<p>[et_pb_section fb_built=\u00a0\u00bb1&Prime; custom_padding_last_edited=\u00a0\u00bbon|phone\u00a0\u00bb _builder_version=\u00a0\u00bb4.0.9&Prime; background_image=\u00a0\u00bbhttps:\/\/sirpacinformatique.com\/wp-content\/uploads\/2019\/12\/edp-livres.jpg\u00a0\u00bb custom_margin_tablet=\u00a0\u00bb||0px\u00a0\u00bb custom_margin_phone=\u00a0\u00bb\u00a0\u00bb custom_margin_last_edited=\u00a0\u00bbon|desktop\u00a0\u00bb custom_padding=\u00a0\u00bb54px|0px|262px|0px|false|false\u00a0\u00bb custom_padding_tablet=\u00a0\u00bb50px||50px\u00a0\u00bb custom_padding_phone=\u00a0\u00bb\u00a0\u00bb][\/et_pb_section][et_pb_section fb_built=\u00a0\u00bb1&Prime; _builder_version=\u00a0\u00bb3.22.3&Prime; custom_padding=\u00a0\u00bb1px|0px|0|0px|false|false\u00a0\u00bb][\/et_pb_section][et_pb_section fb_built=\u00a0\u00bb1&Prime; _builder_version=\u00a0\u00bb3.22.4&Prime;][et_pb_row _builder_version=\u00a0\u00bb3.25&Prime;][et_pb_column type=\u00a0\u00bb4_4&Prime; _builder_version=\u00a0\u00bb3.25&Prime; custom_padding=\u00a0\u00bb|||\u00a0\u00bb custom_padding__hover=\u00a0\u00bb|||\u00a0\u00bb][et_pb_image src=\u00a0\u00bbhttps:\/\/sirpacinformatique.com\/wp-content\/uploads\/2019\/12\/barre-du-haut.jpg\u00a0\u00bb align=\u00a0\u00bbcenter\u00a0\u00bb align_tablet=\u00a0\u00bbcenter\u00a0\u00bb align_phone=\u00a0\u00bb\u00a0\u00bb align_last_edited=\u00a0\u00bbon|desktop\u00a0\u00bb _builder_version=\u00a0\u00bb3.23&Prime;][\/et_pb_image][et_pb_text _builder_version=\u00a0\u00bb3.27.4&Prime; text_font=\u00a0\u00bb||||||||\u00a0\u00bb text_text_color=\u00a0\u00bb#ca2f3d\u00a0\u00bb text_font_size=\u00a0\u00bb29px\u00a0\u00bb ul_font=\u00a0\u00bb||||||||\u00a0\u00bb header_font=\u00a0\u00bb||||||||\u00a0\u00bb header_text_align=\u00a0\u00bbleft\u00a0\u00bb]<\/p>\n<p style=\"text-align: center;\"><strong>MENTIONS L\u00c9GALES<\/strong><\/p>\n<p>[\/et_pb_text][\/et_pb_column][\/et_pb_row][et_pb_row _builder_version=\u00a0\u00bb3.25&Prime; min_height=\u00a0\u00bb45px\u00a0\u00bb custom_padding=\u00a0\u00bb8px|||||\u00a0\u00bb][et_pb_column type=\u00a0\u00bb4_4&Prime; _builder_version=\u00a0\u00bb3.25&Prime; custom_padding=\u00a0\u00bb|||\u00a0\u00bb custom_padding__hover=\u00a0\u00bb|||\u00a0\u00bb][et_pb_image src=\u00a0\u00bbhttps:\/\/sirpacinformatique.com\/wp-content\/uploads\/2019\/12\/barre-du-haut.jpg\u00a0\u00bb align=\u00a0\u00bbcenter\u00a0\u00bb align_tablet=\u00a0\u00bbcenter\u00a0\u00bb align_phone=\u00a0\u00bb\u00a0\u00bb align_last_edited=\u00a0\u00bbon|desktop\u00a0\u00bb _builder_version=\u00a0\u00bb3.23&Prime; min_height=\u00a0\u00bb20px\u00a0\u00bb][\/et_pb_image][\/et_pb_column][\/et_pb_row][\/et_pb_section][et_pb_section fb_built=\u00a0\u00bb1&Prime; _builder_version=\u00a0\u00bb3.22.3&Prime; custom_padding=\u00a0\u00bb0px|0px|54px|0px|false|false\u00a0\u00bb][et_pb_row _builder_version=\u00a0\u00bb3.25&Prime;][et_pb_column type=\u00a0\u00bb4_4&Prime; _builder_version=\u00a0\u00bb3.25&Prime; custom_padding=\u00a0\u00bb|||\u00a0\u00bb custom_padding__hover=\u00a0\u00bb|||\u00a0\u00bb][et_pb_text _builder_version=\u00a0\u00bb4.9.4&Prime; text_font=\u00a0\u00bb||||||||\u00a0\u00bb text_font_size=\u00a0\u00bb20px\u00a0\u00bb link_option_url_new_window=\u00a0\u00bbon\u00a0\u00bb hover_enabled=\u00a0\u00bb0&Prime; sticky_enabled=\u00a0\u00bb0&Prime;]<\/p>\n<p><strong><span style=\"color: #ca2f3d;\">Sirpac Informatique <\/span><\/strong>est une marque de<span>\u00a0<\/span><span style=\"color: #ca2f3d;\"><a href=\"https:\/\/groupesirpac.com\/index.php\/acceuil\/\" style=\"color: #ca2f3d;\" target=\"_blank\" rel=\"noopener noreferrer\"><strong>Groupe Sirpac<\/strong><\/a><\/span><br \/>SAS \u00e0 capital variable de 10.000 euros<br \/>61 cours de la libert\u00e9<br \/>69003 Lyon<br \/>FRANCE<br \/>T\u00e9l\u00e9phone: 0 820 69 01 03<br \/><span style=\"color: #ca2f3d;\"><a href=\"https:\/\/sirpacinformatique.com\/index.php\/contact\/\" style=\"color: #ca2f3d;\" target=\"_blank\" rel=\"noopener noreferrer\"><strong>Contact<\/strong><\/a><\/span><\/p>\n<p>R.C.S. LYON 812 575 033<br \/>SIRET 812 575 033 00012<br \/>Num\u00e9ro de TVA intracommunautaire FR 69 812575033<br \/>Code APE : 6311Z<\/p>\n<p>Directeur de la publication<br \/>Adrien Dethubert<\/p>\n<p>D\u00e9l\u00e9gu\u00e9 \u00e0 la protection des donn\u00e9es \/ DPO<br \/><a href=\"https:\/\/www.eurodataprotection.com\/contact-dpo-sirpac\/\"><span style=\"color: #ca2f3d;\"><strong>Euro Data Protection <\/strong><\/span><span style=\"color: #ca2f3d;\"><strong>\u00a0Contact DPO<\/strong><\/span><\/a><br \/>61 Cours de la libert\u00e9<br \/>69003 LYON<br \/>FRANCE<span>\u00a0<\/span><\/p>\n<p>H\u00e9bergement<br \/>OVH<br \/>2 rue Kellermann<br \/>59100 ROUBAIX<br \/>France<br \/>T\u00e9l\u00e9phone : 09 72 10 10 07<\/p>\n<p>[\/et_pb_text][\/et_pb_column][\/et_pb_row][\/et_pb_section]<\/p>\n","protected":false},"excerpt":{"rendered":"<p>MENTIONS L\u00c9GALESSirpac Informatique est une marque de\u00a0Groupe SirpacSAS \u00e0 capital variable de 10.000 euros61 cours de la libert\u00e969003 LyonFRANCET\u00e9l\u00e9phone: 0 820 69 01 03Contact R.C.S. LYON 812 575 033SIRET 812 575 033 00012Num\u00e9ro de TVA intracommunautaire FR 69 812575033Code APE : 6311Z Directeur de la publicationAdrien Dethubert D\u00e9l\u00e9gu\u00e9 \u00e0 la protection des donn\u00e9es \/ DPOEuro [&hellip;]<\/p>\n","protected":false},"author":1,"featured_media":0,"parent":0,"menu_order":0,"comment_status":"closed","ping_status":"closed","template":"","meta":{"_et_pb_use_builder":"on","_et_pb_old_content":"","_et_gb_content_width":"","footnotes":""},"class_list":["post-23","page","type-page","status-publish","hentry"],"_links":{"self":[{"href":"https:\/\/sirpacinformatique.com\/index.php\/wp-json\/wp\/v2\/pages\/23","targetHints":{"allow":["GET"]}}],"collection":[{"href":"https:\/\/sirpacinformatique.com\/index.php\/wp-json\/wp\/v2\/pages"}],"about":[{"href":"https:\/\/sirpacinformatique.com\/index.php\/wp-json\/wp\/v2\/types\/page"}],"author":[{"embeddable":true,"href":"https:\/\/sirpacinformatique.com\/index.php\/wp-json\/wp\/v2\/users\/1"}],"replies":[{"embeddable":true,"href":"https:\/\/sirpacinformatique.com\/index.php\/wp-json\/wp\/v2\/comments?post=23"}],"version-history":[{"count":10,"href":"https:\/\/sirpacinformatique.com\/index.php\/wp-json\/wp\/v2\/pages\/23\/revisions"}],"predecessor-version":[{"id":4318,"href":"https:\/\/sirpacinformatique.com\/index.php\/wp-json\/wp\/v2\/pages\/23\/revisions\/4318"}],"wp:attachment":[{"href":"https:\/\/sirpacinformatique.com\/index.php\/wp-json\/wp\/v2\/media?parent=23"}],"curies":[{"name":"wp","href":"https:\/\/api.w.org\/{rel}","templated":true}]}}